{"id":2974,"date":"2013-07-07T17:37:50","date_gmt":"2013-07-07T16:37:50","guid":{"rendered":"http:\/\/www.animacomic.es\/?page_id=2974"},"modified":"2013-07-07T17:37:50","modified_gmt":"2013-07-07T16:37:50","slug":"premios","status":"publish","type":"page","link":"http:\/\/www.animacomic.es\/2013\/premios\/","title":{"rendered":"Premios"},"content":{"rendered":"<h2>Resultados de las competiciones<\/h2>\n<p><strong>Foto con Wonder Woman<\/strong><br \/>\nGanador: Leonardo Ivan Fredes<\/p>\n<p><strong>BSO Friki<\/strong><br \/>\nGanador: SS Enterprise<\/p>\n<p><strong>Cascassone (Ludoteca)<\/strong><\/p>\n<ul>\n<li>Ganador: Alejandro Torres<\/li>\n<li>Finalista: Alejandro Salas<\/li>\n<li>Finalista: Juan Manuel P\u00e9rez<\/li>\n<li>Finalista: Alejandro P\u00e9rez<\/li>\n<\/ul>\n<p><strong>Concurso de dibujo (Ginko)<\/strong><\/p>\n<ul>\n<li>Ganador: Blanca Jim\u00e9nez<\/li>\n<li>Segundo: Miguel Antonio Fern\u00e1ndez<\/li>\n<li>Junior: Jos\u00e9 Miguel<\/li>\n<\/ul>\n<p><strong>Concurso fotogr\u00e1fico Ball Jointed Dolls (mu\u00f1ecas customizables)<\/strong><br \/>\nGanadora: Liv (minifee juri&#8217;10), por Ana Aeri\u00ebn<\/p>\n<p><strong>Dominion (Ludoteca)<\/strong><\/p>\n<ul>\n<li>Ganador: Victor Guerrero<\/li>\n<li>Finalista: Juan Antonio Aguilar<\/li>\n<li>Finalista: Pascual Guill\u00f3<\/li>\n<li>Finalista: Beatriz Garc\u00eda<\/li>\n<\/ul>\n<p><strong>Trivial especializado en Zombies (Ginko)<\/strong><br \/>\nGanador: Javito Guerra<\/p>\n<p><strong>Torneo Magic Est\u00e1ndar (ComicStore), S\u00e1bado 12:00<\/strong><br \/>\nGanador: Paxi S\u00e1nchez<\/p>\n<p><strong>Torneo Magic Modern (ComicStore), Domingo 12:00<\/strong><br \/>\nGanador: Paxi S\u00e1nchez<\/p>\n<p><strong>Torneo YuGiOh (ComicStore), S\u00e1bado 12:00<\/strong><br \/>\nGanador: Juan Carlos Arias<\/p>\n<p><strong>Torneo YuGiOh (ComicStore), S\u00e1bado 17:30<\/strong><br \/>\nGanador: Juan Carlos Arias<\/p>\n<p><strong>Torneo YuGiOh (ComicStore), Domingo 12:00<\/strong><br \/>\nGanador: Pablo D\u00edaz<\/p>\n","protected":false},"excerpt":{"rendered":"<p>Resultados de las competiciones Foto con Wonder Woman Ganador: Leonardo Ivan Fredes BSO Friki Ganador: SS Enterprise Cascassone (Ludoteca) Ganador: Alejandro Torres Finalista: Alejandro Salas Finalista: Juan Manuel P\u00e9rez Finalista: Alejandro P\u00e9rez Concurso de dibujo (Ginko) Ganador: Blanca Jim\u00e9nez Segundo: Miguel Antonio Fern\u00e1ndez Junior: Jos\u00e9 Miguel Concurso fotogr\u00e1fico Ball Jointed &#8230;<\/p>\n","protected":false},"author":5,"featured_media":0,"parent":0,"menu_order":0,"comment_status":"closed","ping_status":"closed","template":"","meta":{"jetpack_post_was_ever_published":false,"footnotes":""},"jetpack_sharing_enabled":true,"jetpack_shortlink":"https:\/\/wp.me\/P4lc4X-LY","_links":{"self":[{"href":"http:\/\/www.animacomic.es\/2013\/wp-json\/wp\/v2\/pages\/2974"}],"collection":[{"href":"http:\/\/www.animacomic.es\/2013\/wp-json\/wp\/v2\/pages"}],"about":[{"href":"http:\/\/www.animacomic.es\/2013\/wp-json\/wp\/v2\/types\/page"}],"author":[{"embeddable":true,"href":"http:\/\/www.animacomic.es\/2013\/wp-json\/wp\/v2\/users\/5"}],"replies":[{"embeddable":true,"href":"http:\/\/www.animacomic.es\/2013\/wp-json\/wp\/v2\/comments?post=2974"}],"version-history":[{"count":0,"href":"http:\/\/www.animacomic.es\/2013\/wp-json\/wp\/v2\/pages\/2974\/revisions"}],"wp:attachment":[{"href":"http:\/\/www.animacomic.es\/2013\/wp-json\/wp\/v2\/media?parent=2974"}],"curies":[{"name":"wp","href":"https:\/\/api.w.org\/{rel}","templated":true}]}}