{"id":354,"date":"2014-05-05T23:50:35","date_gmt":"2014-05-05T22:50:35","guid":{"rendered":"http:\/\/www.animacomic.es\/2014\/?page_id=354"},"modified":"2015-01-27T20:21:28","modified_gmt":"2015-01-27T19:21:28","slug":"prensa","status":"publish","type":"page","link":"http:\/\/www.animacomic.es\/2014\/prensa\/","title":{"rendered":"Prensa"},"content":{"rendered":"<h1>Prensa<\/h1>\n<p>Para cualquier consulta puedes contactar con <a href=\"mailto:prensa@animacomic.es\">prensa@animacomic.es<\/a>.<\/p>\n<h2>Material<\/h2>\n<ul>\n<li><a href=\"http:\/\/www.animacomic.es\/2014\/wp-content\/uploads\/sites\/6\/2014\/05\/Animacomic_Cartel_2014.jpg\">Cartel de Animacomic 2014<\/a>.<\/li>\n<li><a href=\"http:\/\/www.animacomic.es\/2014\/wp-content\/uploads\/sites\/6\/2014\/05\/Animacomic_Lanzamiento_2014.pdf\">Nota de prensa de lanzamiento de Animacomic 2014<\/a>.<\/li>\n<\/ul>\n<h2>Recortes de prensa<\/h2>\n<ul>\n<li><a href=\"http:\/\/kzrevista.blogspot.com.es\/2014\/05\/animacomic-14-el-5-y-6-de-julio.html\">Animacomic &#8217;14 el 5 y 6 de julio. Koukyou Zen, 2 de mayo de 2014<\/a>.<\/li>\n<li><a href=\"http:\/\/www.actualidadcomic.com\/2014\/05\/04\/animacomic-llega-su-tercera-edicion\/\">Animacomic llega a su tercera edici\u00f3n. Actualidad Comic, 4 de mayo de 2014<\/a>.<\/li>\n<li><a href=\"http:\/\/www.diariosur.es\/20140502\/mas-actualidad\/cultura\/animacomic-regresa-malaga-201405021651.html\">Animacomic regresa a M\u00e1laga. Diario Sur, 2 de mayo de 2014<\/a>.<\/li>\n<li><a href=\"http:\/\/www.europapress.es\/andalucia\/malaga-00356\/noticia-salon-animacomic-vuelve-malaga-julio-tercera-edicion-20140502175659.html\">El sal\u00f3n Animacomic vuelve a M\u00e1laga en julio con su tercera edici\u00f3n. Europa press, 2 de mayo de 2014<\/a>.<\/li>\n<li><a href=\"http:\/\/www.telecinco.es\/informativos\/nacional\/Animacomic-vuelve-Malaga-tercera-edicion_0_1789200278.html\">El sal\u00f3n Animacomic vuelve a M\u00e1laga en julio con su tercera edici\u00f3n. Informaticos Telecinco, 2 de mayo de 2014<\/a>.<\/li>\n<li><a href=\"http:\/\/www.20minutos.es\/noticia\/2128446\/0\/\">El sal\u00f3n Animacomic vuelve a M\u00e1laga en julio con su tercera edici\u00f3n. 20 minutos, 2 de mayo de 2014<\/a>.<\/li>\n<li><a href=\"http:\/\/www.gentedigital.es\/malaga\/noticia\/1382344\/el-salon-animacomic-vuelve-a-malaga-en-julio-con-su-tercera-edicion\/\">El sal\u00f3n Animacomic vuelve a M\u00e1laga en julio con su tercera edici\u00f3n. Gente digital, 2 de mayo de 2014<\/a>.<\/li>\n<li><a href=\"http:\/\/noticias.lainformacion.com\/arte-cultura-y-espectaculos\/entrega-de-premios\/el-salon-animacomic-vuelve-a-malaga-en-julio-con-su-tercera-edicion_B8oMUTdWRPNFjrPeDRKLY6\/\">El sal\u00f3n Animacomic vuelve a M\u00e1laga en julio con su tercera edici\u00f3n. lainformacion.com, 2 de mayo de 2014<\/a>.<\/li>\n<li><a href=\"http:\/\/www.lavanguardia.com\/local\/sevilla\/20140502\/54406541478\/el-salon-animacomic-vuelve-a-malaga-en-julio-con-su-tercera-edicion.html\">El sal\u00f3n Animacomic vuelve a M\u00e1laga en julio con su tercera edici\u00f3n. La vanguardia, 2 de mayo de 2014<\/a>.<\/li>\n<li><a href=\"http:\/\/www.teinteresa.es\/andalucia\/malaga\/Animacomic-vuelve-Malaga-tercera-edicion_1_1130897634.html\">El sal\u00f3n Animacomic vuelve a M\u00e1laga en julio con su tercera edici\u00f3n. Teinteresa.es, 2 de mayo de 2014<\/a>.<\/li>\n<li><a href=\"http:\/\/www.noticias21.es\/malaga\/ficha\/105711\/Los-fanaticos-del-comic-marcan-julio-en-el-calendario.html\">Los fan\u00e1ticos del c\u00f3mic marcan julio en el calendario. noticias21.es, 2 de mayo de 2014<\/a>.<\/li>\n<li>Agust\u00edn Padilla y Jorge Cabrerizo en M\u00e1laga al d\u00eda, 6 de mayo de 2014. <a href=\"http:\/\/www.ondaazulmalaga.es\/radio\/podcast\/malaga-al-dia-3-hora\/45706\">(Programa completo)<\/a> <a href=\"http:\/\/www.animacomic.es\/2014\/wp-content\/uploads\/sites\/6\/2014\/05\/malaga-al-dia.mp3\">(Descargar audio del fragmento)<\/a>.<\/li>\n<li><a href=\"http:\/\/www.koi-nya.net\/2014\/05\/08\/el-tercer-animacomic-vuelve-malaga\/\">El tercer Animacomic vuelve a M\u00e1laga. koi-nya, 8 de mayo de 2014<\/a>.<\/li>\n<li><a href=\"http:\/\/www.diariosur.es\/20140510\/mas-actualidad\/cultura\/cita-mundo-comic-cafe-201405100950.html\">Una cita con el mundo del c\u00f3mic en &#8216;Caf\u00e9 con Tinta&#8217;. Diario Sur, 10 de mayo de 2014<\/a>.<\/li>\n<li>Marian Burgos y Javier G\u00e1mez en Con otro enfoque. 101Tv, 12 de mayo de 2014. <a href=\"http:\/\/vimeo.com\/95120379\">(V\u00eddeo del fragmento)<\/a> <a href=\"http:\/\/www.101tv.es\/noticia.aspx?id=546\">(Noticia)<\/a>.<\/li>\n<li><a href=\"http:\/\/ramenparados.blogspot.com.es\/2014\/05\/animacomic-2014-5-y-6-de-julio-en-malaga.html\">Animacomic 2014, 5 y 6 de julio en M\u00e1laga. Ramen Para Dos, 13 de mayo de 2014<\/a>.<\/li>\n<li><a href=\"http:\/\/soscultura.com\/2.0\/vuelve-animacomic-y-se-consolida-con-su-tercera-edicion-como-evento-de-referencia-sobre-el-comic-y-animacion-en-andalucia\/\" target=\"_blank\">Vuelve Animacomic y se consolida, con su tercera edici\u00f3n, como evento de referencia sobre el c\u00f3mic y animaci\u00f3n en Andaluc\u00eda. S.O.S. Cultura, 23 de junio de 2014<\/a>.<\/li>\n<li><a href=\"http:\/\/malefictime.com\/salon-del-comic-en-malaga-animacomic\/\" target=\"_blank\">Sal\u00f3n del C\u00f3mic en M\u00e1laga, ANIMACOMIC. Malefic Time, 24 de junio de 2014<\/a>.<\/li>\n<li><a href=\"http:\/\/www.20minutos.es\/noticia\/2178121\/0\/\" target=\"_blank\">Animacomic 2014 reunir\u00e1 a los hist\u00f3ricos del c\u00f3mic espa\u00f1ol y al humorista Ra\u00fal Cimas. 20 minutos, 26 de junio de 2014<\/a>.<\/li>\n<li><a href=\"http:\/\/www.diariosur.es\/culturas\/201406\/26\/animacomic-reunira-historicos-comic-20140626202205.html\" target=\"_blank\">Animacomic reunir\u00e1 a los hist\u00f3ricos del c\u00f3mic espa\u00f1ol y al humorista Ra\u00fal Cimas. Diario Sur, 26 de junio de 2014<\/a>.<\/li>\n<li><a href=\"http:\/\/www.europapress.es\/andalucia\/malaga-00356\/noticia-animacomic-2014-reunira-historicos-comic-espanol-humorista-raul-cimas-20140626170631.html\" target=\"_blank\">Animacomic 2014 reunir\u00e1 a los hist\u00f3ricos del c\u00f3mic espa\u00f1ol y al humorista Ra\u00fal Cimas. Europa Press, 26 de junio de 2014<\/a>.<\/li>\n<li><a href=\"http:\/\/www.mlgcool.com\/2014\/06\/27\/3%C2%AA-edicion-de-animacomic\/\" target=\"_blank\">3\u00aa edici\u00f3n de Animacomic. M\u00e1laga es Cool!, 27 de junio de 2014<\/a>.<\/li>\n<li><a href=\"http:\/\/www.rtve.es\/noticias\/20140627\/animacomic-2014-reunira-los-historicos-del-comic-espanol-humorista-raul-cimas\/962342.shtml\" target=\"_blank\">Animacomic 2014 reunir\u00e1 a los hist\u00f3ricos del c\u00f3mic espa\u00f1ol y al humorista Ra\u00fal Cimas. RTVE, 27 de junio de 2014<\/a>.<\/li>\n<li><a href=\"http:\/\/blog.rtve.es\/comic\/2014\/06\/animacomic-el-5-y-6-de-julio-en-m%C3%A1laga.html\" target=\"_blank\">Animacomic, el 5 y 6 de julio en M\u00e1laga. Vi\u00f1etas y bocadillos, 27 de junio de 2014<\/a>.<\/li>\n<li><a href=\"http:\/\/www.zonanegativa.com\/historicos-del-comic-como-luis-royo-esteban-maroto-y-alfonso-azpiri-y-el-humorista-raul-cimas-presentes-en-animacomic-2014\/\" target=\"_blank\">Hist\u00f3ricos del c\u00f3mic como Luis Royo, Esteban Maroto y Alfonso Azpiri, y el humorista Ra\u00fal cimas presentes en Animacomic 2014. Zona Negativa, 26 de junio de 2014<\/a>.<\/li>\n<li><a href=\"http:\/\/gothamnewszine.blogspot.com.es\/2014\/06\/animacomic-2014.html\" target=\"_blank\">Animacomic 2014. Gotham News, 28 de junio de 2014<\/a>.<\/li>\n<li><a href=\"http:\/\/www.animecion.com\/animacomic-2014-el-5-y-6-de-julio-en-malaga\/\" target=\"_blank\">Animacomic 2014 el 5 y 6 de julio en M\u00e1laga. Animecion, 30 de junio de 2014<\/a>.<\/li>\n<li><a href=\"http:\/\/www.segasaturno.com\/portal\/printview.php?f=10&amp;t=7793&amp;start=0\" target=\"_blank\">Animacomic 2014 (M\u00e1laga). SEGASaturno, 1 de julio de 2014<\/a>.<\/li>\n<li><a href=\"http:\/\/www.cronicas.tecnicaysinergia.com\/es\/articles\/2014\/07\/01\/animacomic-2014-y-contacto\" target=\"_blank\">Animacomic 2014 y contacto. Cr\u00f3nicas Terrestres y Espaciales, 1 de julio de 2014<\/a>.<\/li>\n<li><a href=\"http:\/\/kiko-mohedano.blogspot.com.es\/2014\/07\/evento-animacomic-5-y-6-de-julio.html\" target=\"_blank\">Evento: Animacomic 5 y 6 de Julio. Kiko Mohedano, 1 de julio de 2014<\/a>.<\/li>\n<li><a href=\"http:\/\/flordejade.blogspot.com.es\/2014\/07\/vilches-en-iii-animacomic-malaga-2014.html\" target=\"_blank\">Vilches en III Animacomic m\u00e1laga 2014. Flor de Jade, 1 de julio de 2014<\/a>.<\/li>\n<li><a href=\"http:\/\/www.eltendederodeamy.es\/2014\/07\/animacomic-malaga-2014.html\" target=\"_blank\">Animacomic M\u00e1laga 2014. El tendedero de Amy, 3 de julio de 2014<\/a>.<\/li>\n<li><a href=\"http:\/\/www.zonanegativa.com\/animacomic-abre-sus-puertas\/\" target=\"_blank\">Animacomic abre sus puertas. Zona Negativa, 4 de julio de 2014<\/a>.<\/li>\n<li><a href=\"http:\/\/www.lanocion.es\/el-salon-de-la-animacion-el-manga-y-el-comic-ani-20140704_49775.html\" target=\"_blank\">El sal\u00f3n de la animaci\u00f3n, el manga y el comic, Animacomic 2014, se celebra este fin de semana en el Palacio de Ferias. LA NOCI\u00d3N, 4 de julio de 2014<\/a>.<\/li>\n<li><a href=\"http:\/\/www.lacasadeel.net\/2014\/07\/manana-comienza-animacomic-salon-de-la-animacion-el-manga-y-el-comic-de-malaga.html\" target=\"_blank\">Ma\u00f1ana comienza Animacomic (Sal\u00f3n de la Animaci\u00f3n, el Manga y el C\u00f3mic de M\u00e1laga). La Casa de EL. 4 de julio de 2014<\/a>.<\/li>\n<li><a href=\"http:\/\/www.deculture.es\/2014\/07\/04\/animacomic-2014\/\" target=\"_blank\">Tercera edici\u00f3n de Animacomic \u2013 5 y 6 julio, M\u00e1laga. Deculture.es, 4 de julio de 2014<\/a>.<\/li>\n<li><a href=\"http:\/\/www.diariosur.es\/malagatrend\/201407\/05\/animacomic-llena-palacio-ferias-20140705195021.html\" target=\"_blank\">Animacomic llena el Palacio de Ferias y Congresos de M\u00e1laga de fantas\u00eda. Diario Sur, 5 de julio de 2014<\/a>.<\/li>\n<li><a href=\"http:\/\/www.malagahoy.es\/article\/ocio\/1809532\/animacomic\/se\/viste\/largo\/con\/ojo\/puesto\/los\/nuevos\/talentos.html\" target=\"_blank\">Animacomic se viste de largo con un ojo puesto en los nuevos talentos. M\u00e1laga hoy, 5 de julio de 2014<\/a>.<\/li>\n<li><a href=\"http:\/\/www.laopiniondemalaga.es\/cultura-espectaculos\/2014\/07\/05\/animacomic-supera-expectativas\/690254.html\" target=\"_blank\">Animacomic supera las expectativas. La opini\u00f3n de M\u00e1laga, 5 de julio de 2014<\/a>.<\/li>\n<li><a href=\"http:\/\/elsanedrindelcomic.blogspot.com\/2014\/07\/de-invitado-en-el-animacomic-i.html\" target=\"_blank\">DE INVITADO EN EL ANIMACOMIC I. El Sanedr\u00edn del Comic, 5 de julio de 2014<\/a>.<\/li>\n<li><a href=\"http:\/\/www.malaka.es\/noticias_ampliar.php?id=42223\" target=\"_blank\">El sal\u00f3n de la animaci\u00f3n, el manga y el comic, Animacomic 2014, se celebra este fin de semana en el Palacio de Ferias. Malaga.es, 5 de julio de 2014<\/a>.<\/li>\n<li><a href=\"http:\/\/www.laopiniondemalaga.es\/cultura-espectaculos\/2014\/07\/04\/animacomic-oportunidad-nuevos-talentos-ilustracion\/689983.html\" target=\"_blank\">Vuelve Animacomic, el encuentro ineludible para los amantes del g\u00e9nero. La Opini\u00f3n de M\u00e1laga, 6 de julio de 2014<\/a>.<\/li>\n<li><a href=\"http:\/\/coleccionistatebeos.blogspot.com.es\/2014\/07\/animacomic-la-cronica.html\" target=\"_blank\">Animac\u00f3mic: la cr\u00f3nica. El Coleccionista de Tebeos, 7 de julio de 2014<\/a>.<\/li>\n<li><a href=\"http:\/\/www.akibastation.es\/2014\/07\/eventos-clausura-el-animacomic-3er.html\" target=\"_blank\">Eventos: clausura el \u00abAnimacomic\u00bb, 3er Sal\u00f3n de la Animaci\u00f3n, el Manga y el C\u00f3mic de M\u00e1laga. Akihabara Station, 7 de julio de 2014<\/a>.<\/li>\n<li><a href=\"http:\/\/blog.rtve.es\/comic\/2014\/07\/luis-y-romulo-royo-presentan-110-katanas-en-animacomic.html\" target=\"_blank\">Luis y Romulo Royo presentan &#8216;110 katanas&#8217; en Animacomic. Vi\u00f1etas y bocadillos, 7 de julio de 2014<\/a>.<\/li>\n<li><a href=\"http:\/\/www.zonanegativa.com\/animacomic-2014-la-cronica\/\" target=\"_blank\">Animacomic 2014: La cr\u00f3nica. Zona Negativa, 10 de julio de 2014<\/a>.<\/li>\n<li><a href=\"http:\/\/www.zonanegativa.com\/animacomic-2014-los-autores\/\" target=\"_blank\">Animacomic 2014: Los autores. Zona Negativa, 14 de julio de 2014<\/a>.<\/li>\n<li><a href=\"http:\/\/www.ivoox.com\/vinetas-bocadillos-luis-amp-romulo-royo-audios-mp3_rf_3333110_1.html\" target=\"_blank\">Luis &amp; R\u00f3mulo Royo Animacomic. Vi\u00f1etas y bocadillos, 20 de julio de 2014<\/a>.<\/li>\n<li><a href=\"http:\/\/www.ivoox.com\/vinetas-bocadillos-azpiri-animacomic-26-07-14-audios-mp3_rf_3351626_1.html\" target=\"_blank\">Azpiri Animac\u00f3mic. Vi\u00f1etas y bocadillos, 26 de julio de 2014<\/a>.<\/li>\n<li><a href=\"http:\/\/neftis2o.blogspot.com.es\/2014\/08\/animacomic-malaga-iii-edicion.html\" target=\"_blank\">Animacomic M\u00e1laga: III Edici\u00f3n. El Rapto de los Sentidos, 28 de agosto de 2014<\/a>.<\/li>\n<\/ul>\n","protected":false},"excerpt":{"rendered":"<p>Prensa Para cualquier consulta puedes contactar con prensa@animacomic.es. Material Cartel de Animacomic 2014. Nota de prensa de lanzamiento de Animacomic 2014. Recortes de prensa Animacomic &#8217;14 el 5 y 6 de julio. Koukyou Zen, 2 de mayo de 2014. Animacomic llega a su tercera edici\u00f3n. Actualidad Comic, 4 de mayo &#8230;<\/p>\n","protected":false},"author":8,"featured_media":0,"parent":0,"menu_order":0,"comment_status":"closed","ping_status":"open","template":"","meta":{"jetpack_post_was_ever_published":false,"footnotes":""},"jetpack_sharing_enabled":true,"jetpack_shortlink":"https:\/\/wp.me\/P4pyuW-5I","_links":{"self":[{"href":"http:\/\/www.animacomic.es\/2014\/wp-json\/wp\/v2\/pages\/354"}],"collection":[{"href":"http:\/\/www.animacomic.es\/2014\/wp-json\/wp\/v2\/pages"}],"about":[{"href":"http:\/\/www.animacomic.es\/2014\/wp-json\/wp\/v2\/types\/page"}],"author":[{"embeddable":true,"href":"http:\/\/www.animacomic.es\/2014\/wp-json\/wp\/v2\/users\/8"}],"replies":[{"embeddable":true,"href":"http:\/\/www.animacomic.es\/2014\/wp-json\/wp\/v2\/comments?post=354"}],"version-history":[{"count":29,"href":"http:\/\/www.animacomic.es\/2014\/wp-json\/wp\/v2\/pages\/354\/revisions"}],"predecessor-version":[{"id":2135,"href":"http:\/\/www.animacomic.es\/2014\/wp-json\/wp\/v2\/pages\/354\/revisions\/2135"}],"wp:attachment":[{"href":"http:\/\/www.animacomic.es\/2014\/wp-json\/wp\/v2\/media?parent=354"}],"curies":[{"name":"wp","href":"https:\/\/api.w.org\/{rel}","templated":true}]}}