{"id":801,"date":"2014-06-05T21:53:55","date_gmt":"2014-06-05T20:53:55","guid":{"rendered":"http:\/\/www.animacomic.es\/2014\/?page_id=801"},"modified":"2014-06-10T20:06:00","modified_gmt":"2014-06-10T19:06:00","slug":"revision-de-portafolios","status":"publish","type":"page","link":"http:\/\/www.animacomic.es\/2014\/revision-de-portafolios\/","title":{"rendered":"Revisi\u00f3n de portafolios"},"content":{"rendered":"<h1>Revisi\u00f3n de portafolios<\/h1>\n<p>En esta edici\u00f3n de Animacomic podr\u00e1s mostrar tu trabajo a responsables de <a href=\"http:\/\/www.dibbuks.es\/\" target=\"_blank\">Dibbuks<\/a>, <a href=\"http:\/\/infinitoons.blogspot.com.es\/\" target=\"_blank\">Infinitoons<\/a> y <a href=\"http:\/\/www.ninthediciones.com\/\" target=\"_blank\">Ninth Ediciones<\/a>. Prep\u00e1rate, busca tus mejores dibujos y acude a Animacomic.<\/p>\n<p>Consulta los horarios y detalles concretos para la revisi\u00f3n con cada una de las editoriales asistentes en los siguientes enlaces:<\/p>\n<p style=\"display: inline-block; width: 33%; text-align: center;\"><a href=\"\/2014\/revision-de-portafolios\/dibbuks\/\"><img loading=\"lazy\" decoding=\"async\" class=\"alignnone wp-image-840 size-full\" src=\"http:\/\/www.animacomic.es\/2014\/wp-content\/uploads\/sites\/6\/2014\/06\/logo_dibbuks.jpg\" alt=\"Editorial Dibbuks\" width=\"250\" height=\"110\" \/><\/a><\/p>\n<p style=\"display: inline-block; width: 33%; text-align: center;\"><a href=\"\/2014\/revision-de-portafolios\/infinitoons\/\"><img loading=\"lazy\" decoding=\"async\" class=\"alignnone wp-image-839 size-full\" src=\"http:\/\/www.animacomic.es\/2014\/wp-content\/uploads\/sites\/6\/2014\/06\/logo_infinitoons.jpg\" alt=\"Infinitoons\" width=\"250\" height=\"110\" \/><\/a><\/p>\n<p style=\"display: inline-block; width: 33%; text-align: center;\"><a href=\"\/2014\/revision-de-portafolios\/ninth-ediciones\/\"><img loading=\"lazy\" decoding=\"async\" class=\"alignnone wp-image-838 size-full\" src=\"http:\/\/www.animacomic.es\/2014\/wp-content\/uploads\/sites\/6\/2014\/06\/logo_ninth.jpg\" alt=\"Ninth\" width=\"250\" height=\"110\" \/><\/a><\/p>\n","protected":false},"excerpt":{"rendered":"<p>Revisi\u00f3n de portafolios En esta edici\u00f3n de Animacomic podr\u00e1s mostrar tu trabajo a responsables de Dibbuks, Infinitoons y Ninth Ediciones. Prep\u00e1rate, busca tus mejores dibujos y acude a Animacomic. Consulta los horarios y detalles concretos para la revisi\u00f3n con cada una de las editoriales asistentes en los siguientes enlaces:<\/p>\n","protected":false},"author":8,"featured_media":0,"parent":0,"menu_order":0,"comment_status":"closed","ping_status":"closed","template":"","meta":{"jetpack_post_was_ever_published":false,"footnotes":""},"jetpack_sharing_enabled":true,"jetpack_shortlink":"https:\/\/wp.me\/P4pyuW-cV","_links":{"self":[{"href":"http:\/\/www.animacomic.es\/2014\/wp-json\/wp\/v2\/pages\/801"}],"collection":[{"href":"http:\/\/www.animacomic.es\/2014\/wp-json\/wp\/v2\/pages"}],"about":[{"href":"http:\/\/www.animacomic.es\/2014\/wp-json\/wp\/v2\/types\/page"}],"author":[{"embeddable":true,"href":"http:\/\/www.animacomic.es\/2014\/wp-json\/wp\/v2\/users\/8"}],"replies":[{"embeddable":true,"href":"http:\/\/www.animacomic.es\/2014\/wp-json\/wp\/v2\/comments?post=801"}],"version-history":[{"count":9,"href":"http:\/\/www.animacomic.es\/2014\/wp-json\/wp\/v2\/pages\/801\/revisions"}],"predecessor-version":[{"id":1084,"href":"http:\/\/www.animacomic.es\/2014\/wp-json\/wp\/v2\/pages\/801\/revisions\/1084"}],"wp:attachment":[{"href":"http:\/\/www.animacomic.es\/2014\/wp-json\/wp\/v2\/media?parent=801"}],"curies":[{"name":"wp","href":"https:\/\/api.w.org\/{rel}","templated":true}]}}